. What is the remainder when l is divided by 28?
26
Let a be (5 - 5) + 2*-4. Let r(m) = -2*m**2 - 20*m - 14. Calculate the remainder when r(a) is divided by 5.
3
Suppose 13*j = 62 + 1147. Calculate the remainder when 740 is divided by j.
89
Suppose 0 = -1048*f + 1055*f - 595. Calculate the remainder when 1527 is divided by f.
82
Let u(r) = r**3 + r**2 + 3*r - 1. Suppose -2*w = -6*w - 16. Calculate the remainder when (-2 - 8)*26/w is divided by u(2).
14
Suppose 2*i = -q + 31, -128*q + 131*q + 4*i - 93 = 0. Calculate the remainder when 86 is divided by q.
24
What is the remainder when 62 is divided by (4 - 102/27) + 170/45?
2
Let w(n) = 5*n - 28. Let x be w(6). What is the remainder when 67 is divided by (1/x)/(6/216)?
13
Let o(r) = r**2 - 4. Let p be 4/(-3 - (-1 - 1)). What is the remainder when o(p) is divided by 10?
2
Let n(i) = 9*i - 4. Let u be n(1). Suppose -3*o - 158 = -u*o. What is the remainder when o is divided by 10?
9
Suppose -5*b + 2*o - 31 = 4*o, 0 = 5*b - 5*o + 45. Let r(a) = -7*a + 15. What is the remainder when r(b) is divided by 23?
18
Suppose 44 = 2*r + 5*w + 8, 3*r - 54 = 5*w. Suppose -8 = o - 42. Calculate the remainder when o is divided by r.
16
Suppose 0 = -5*l - 4*a + 345, -6*l - 3*a = -2*l - 277. What is the remainder when l is divided by 26?
21
Let u(q) = 2*q**3 - 2*q - 3. Calculate the remainder when 78 is divided by u(2).
6
Suppose 4*u = 16, 1 = -3*f + 3*u - 8. Let r be -28*((-3)/(-4) - f). Suppose -3*n - 2*m = -r*m - 108, m = -3. Calculate the remainder when n is divided by 8.
7
Let r(b) = 2*b**2 + 66*b + 521. What is the remainder when -1*(-4)/(-6)*-99 is divided by r(-12)?
15
Let a(n) = -n**2 + 4*n - 1. Let w be a(1). Suppose 4*b + b + m = 344, -w*m = 2*b - 136. Calculate the remainder when b is divided by 24.
21
Suppose k = -3*k + 12. Suppose -6*d - 16 = -64. Suppose 3*j - 5 = l, 2*l + d + 0 = 5*j. What is the remainder when k is divided by j?
1
Suppose -294*a = -307*a + 7228. What is the remainder when a is divided by 80?
76
Let q = -90 + 115. Calculate the remainder when (-5)/q + (-66)/(-5) is divided by 2.
1
Let r = -45 + 53. Suppose 76 = r*p - 116. Calculate the remainder when 46 is divided by p.
22
Suppose 0 = -4*q + 3 + 1. Suppose 5*c = -98 + 23. Calculate the remainder when (-12)/c + (-1)/(-5) is divided by q.
0
Let z(r) = r + 20. Let v be z(-10). Suppose v*k = 6*k - 180. Let b = k - -87. Calculate the remainder when b is divided by 12.
6
Let i(z) be the second derivative of -z**5/10 + 11*z**4/12 - z**3/6 - 11*z**2/2 - 47*z. What is the remainder when 14 is divided by i(5)?
5
Suppose -17*a = -53*a + 5292. Calculate the remainder when a is divided by 11.
4
Let p(c) = 2*c**3 - 36*c**2 - 3*c + 58. Calculate the remainder when 19 is divided by p(18).
3
Suppose j = 12 - 2. Calculate the remainder when (-460)/25*(-55)/22 is divided by j.
6
Let r(q) = -7*q + 35. Let z be r(-3). Let c be (1 + -2 + 1)*-1. Suppose f + 4 = c, -4*p + f + 3*f = -z. Calculate the remainder when 29 is divided by p.
9
Let o(l) = 6*l - 26. Let j be o(5). Suppose 0*d - 2*d - y = -62, j*d + y = 122. What is the remainder when d is divided by 16?
14
Let y(g) = g**3 - 3*g + 3. Let c be y(-3). What is the remainder when 12 is divided by ((-5)/(-3))/(c/(-45))?
2
Let o(v) = 9*v**2 - 1. Suppose g + 4 = -s + 1, 3*g + 2*s + 5 = 0. Let x be o(g). What is the remainder when 13 is divided by (x - 2)*(-2)/(-3)?
1
Let u(y) = -y**3 + 3*y**2 + 2*y - 3. Let b be u(3). Suppose 2*i - 1 = b. What is the remainder when i/(-5) - (-97)/5 is divided by 7?
5
Suppose -152 = -3*i - 5*n + 10*n, 4 = 2*n. Calculate the remainder when 106 is divided by i.
52
Let t(x) be the third derivative of 23*x**4/8 - 23*x**3/6 - 2*x**2 - 18. What is the remainder when t(3) is divided by 37?
36
Suppose 3*a = 1061 - 926. What is the remainder when 327 is divided by a?
12
Suppose i + 17 = 2*i. Suppose h = -2*c - 1 + 30, -4*h + 123 = c. What is the remainder when h is divided by i?
14
Suppose -373 - 371 = -24*r. Calculate the remainder when 99 is divided by r.
6
Suppose 164 = -6*f + 254. Let h be 9/(1*(-2)/(-2)). Suppose -h*i + 7*i + 52 = 0. Calculate the remainder when i is divided by f.
11
Let m(j) = j**3 - 14*j**2 + 22*j - 78. What is the remainder when m(13) is divided by 24?
15
Let r(v) = -79*v + 9. Calculate the remainder when r(-1) is divided by 15.
13
Suppose -178*b = -5565 - 1911. Let t(d) = d**2 - 4*d - 3. Calculate the remainder when b is divided by t(-2).
6
Suppose 5*g - 11*g = -60. Let p = g - -10. What is the remainder when 75 is divided by p?
15
Let m(i) = -3*i**2 - 87*i + 15. What is the remainder when 71 is divided by m(-29)?
11
Suppose k = -x + 2, -5*k + 7 = 2*x - 2*k. Let r(v) = 176*v**2 - 1. Calculate the remainder when r(x) is divided by 44.
43
Let a = 30 + -25. Suppose 51 = 2*n + 5*l - 174, 215 = 2*n - a*l. Calculate the remainder when n is divided by 29.
23
Suppose 2*d + 63 = 3*d. Let r be (-556)/(-9) + 14/d. Suppose 5*g - 13 - r = 0. Calculate the remainder when g is divided by 9.
6
Let o = -630 - -656. What is the remainder when 207 is divided by o?
25
Let r(n) = 5*n**2 - n + 7. Calculate the remainder when r(-5) is divided by ((-2)/2)/((-8)/160) + 8.
25
Let w = 18 - 16. Suppose -3 = -w*h + h. Suppose 418 = 5*y - h*z, 0 = -4*y + 4*z - 2*z + 334. What is the remainder when y is divided by 28?
27
Let u = 1050 + -993. What is the remainder when u is divided by 42?
15
Suppose 5*y - b + 4*b - 29 = 0, -5*y + 4*b + 43 = 0. What is the remainder when 3/15 + ((-9816)/(-15))/8 is divided by y?
5
Let w(d) = 5*d - 13. Let k be w(3). Let b be (11 - 1)/(6/15). Suppose -b = -5*h, k*h = -7*s + 2*s + 75. What is the remainder when s is divided by 7?
6
Calculate the remainder when (1/3)/((-4505)/(-750) - 6) is divided by 31.
19
Let x = -208 - -324. What is the remainder when x is divided by 24?
20
Let r be -4 + (9 - 1)/2. Suppose -2*g + 220 = -3*y - 3*g, 4*y + g + 292 = r. Let v = y + 124. What is the remainder when v is divided by 27?
25
Let t = -68 - -84. Let f = t + 13. Let y(c) = -c + 8. What is the remainder when f is divided by y(0)?
5
Let l be (-6)/(90/(-65)) - 8/6. Suppose l*j - 33 = -3*v, -4*j + 2*v = -0*v - 26. Let a = -8 + 18. What is the remainder when a is divided by j?
2
Let q = -32 - -45. Suppose x - 4*v - 2 = 0, -v = -2*x - 5*v + 4. Suppose -x*t = -4*t + 72. Calculate the remainder when t is divided by q.
10
Let l(g) = 13*g**3 + 4*g**2 - 13*g + 20. Let w be l(2). Let n = 126 - w. What is the remainder when n is divided by 4/(-18) - (-47)/9?
2
Suppose -164 - 52 = -4*k. Suppose -3*t - y - 77 = 0, -5*t - 5*y - 36 = 89. Let f = t + k. Calculate the remainder when f is divided by 10.
8
Let o(x) = -x**3 - 6*x**2 - 8*x + 6. Let g be 3/(4/20 - (-14)/(-20)). Calculate the remainder when o(g) is divided by 15.
9
Suppose t - f - 111 = 0, 0 = 3*t - 6*t - 2*f + 348. Let c = 117 + -94. Calculate the remainder when t is divided by c.
22
Let y(q) = -3*q + 23. Let s be y(7). Suppose 0 = -3*z + 5*o + 137, s*o = 2*z - z - 47. Calculate the remainder when z is divided by 10.
9
Let m(b) = b**2 - 13*b - 261. Calculate the remainder when 655 is divided by m(-11).
1
Suppose -297 = -5*k + 178. What is the remainder when (-1)/4*(-2 + 2) + k is divided by 16?
15
Suppose 80 = -13*f + 158. Suppose 3 = b - 12. What is the remainder when b is divided by f?
3
Suppose -2*a = -7*a - 10. What is the remainder when 4*(a + 5) - 3 is divided by 3?
0
Suppose 0 = -3*v - 15 + 9. Calculate the remainder when (v - 219/6)*-2 is divided by 20.
17
Let b be 14/(-6)*(2 + 1 + -6). Suppose b*p - p - 42 = 0. Calculate the remainder when 8 is divided by p.
1
Let f be 4/(-6) - 38/(-3). Suppose f = -4*c, 5*d - c - 34 = 2*c. Suppose d*b - 34 = 6. Calculate the remainder when 30 is divided by b.
6
Let l = -558 + 708. Calculate the remainder when l is divided by 77.
73
Let o be 0 - -10*(-2)/(-2). Calculate the remainder when 21 is divided by (-1 - -3) + o/1.
9
Suppose 0 = 3*g - 11 - 31. Suppose b - g = -b. Let k(x) = 13*x + 1. Calculate the remainder when k(2) is divided by b.
6
Suppose 7*p + 104 = 8*p. What is the remainder when p is divided by 25?
4
Let w = -7 + 9. Let c(l) = w*l**2 - 10*l - 1 - 7*l + 20*l. Calculate the remainder when c(-4) is divided by 7.
5
Let m(k) = -k + 6. Let i be m(6). Let v = i + 0. Suppo